4056
In base 2, what is -10000010 + 10001101100101010011101?
10001101100101000011011
In base 13, what is 2 + 5010a26?
5010a28
In base 12, what is -21 - 88a42a?
-88a44b
In base 13, what is 13 - -96bc0?
96c03
In base 2, what is 10100001010 + -1100000010110?
-1001100001100
In base 15, what is -139e4 + -122?
-13b16
In base 2, what is -11101010011000001010010 - 1?
-11101010011000001010011
In base 6, what is -10353353 + -113?
-10353510
In base 8, what is 34213 + -3450?
30543
In base 10, what is 5 + -5363384?
-5363379
In base 14, what is -3b7 - -325?
-92
In base 8, what is 15364 - -1134?
16520
In base 4, what is -1330 - 3211023?
-3213013
In base 8, what is -115661 - 11265?
-127146
In base 11, what is 0 + 737270?
737270
In base 8, what is 5022 - -64261?
71303
In base 12, what is -1a0627bb + 1?
-1a0627ba
In base 3, what is 222212201200011101 + -1?
222212201200011100
In base 4, what is -2032 + -331212132?
-331220230
In base 15, what is 3 + 2e9ecb5?
2e9ecb8
In base 10, what is -1877 - 33707?
-35584
In base 10, what is 57929 + 26?
57955
In base 15, what is -43379 + dc?
-4328c
In base 4, what is -121 + -211222113?
-211222300
In base 7, what is -2 + -62202215?
-62202220
In base 3, what is 102010210010 - -10?
102010210020
In base 16, what is dfe + 9e8?
17e6
In base 12, what is 8b7b4a7 - -6?
8b7b4b1
In base 2, what is 110010000001011000101000100 + 101?
110010000001011000101001001
In base 14, what is -10c5d8 + -55?
-10c64d
In base 15, what is 9a013 + -27b?
99c87
In base 3, what is 21002120212002 + 1220?
21002120220222
In base 13, what is -5965 - -32a?
-5638
In base 6, what is -24144 + 1454453?
1430305
In base 13, what is -4a8 + -a0c?
-11b7
In base 12, what is 6 + 1b1bb50?
1b1bb56
In base 3, what is -2 + -220000122001122?
-220000122001201
In base 14, what is 4b2a50d - 5?
4b2a508
In base 8, what is 15 - 142040?
-142023
In base 14, what is -3474c5 - 49?
-347530
In base 12, what is 90622 - 36?
905a8
In base 13, what is -64c - 3c83?
-4602
In base 5, what is -11 + -34140101301?
-34140101312
In base 16, what is 5 - ac64428?
-ac64423
In base 2, what is -100 + 1111100000100111010010?
1111100000100111001110
In base 4, what is -11122213112021 - -3?
-11122213112012
In base 4, what is -2 + -11221020232323?
-11221020232331
In base 3, what is 2002 + -21110201112?
-21110122110
In base 4, what is -31331303 - 13000?
-32010303
In base 8, what is 652114 + -435?
651457
In base 6, what is -14111512335 + -14?
-14111512353
In base 7, what is -326550246 + 2?
-326550244
In base 14, what is 6a + -59940?
-598b4
In base 13, what is -a1b + 2148b?
20770
In base 15, what is -4774ca + 5?
-4774c5
In base 12, what is 9 - 4b8947?
-4b893a
In base 16, what is 1 - 1da741?
-1da740
In base 10, what is 447988 - 81?
447907
In base 3, what is 1101021220012110 + -10?
1101021220012100
In base 13, what is -1 - c4a5c0?
-c4a5c1
In base 6, what is 22122 - 2303?
15415
In base 4, what is 12003330123 - 30?
12003330033
In base 16, what is 12e23a7 + -2?
12e23a5
In base 16, what is -34471c - -8?
-344714
In base 12, what is -690a + -293?
-6ba1
In base 11, what is -47638198 - -1?
-47638197
In base 13, what is -19 + -938667?
-938683
In base 9, what is -1076531 - 12?
-1076543
In base 4, what is -213101 - 3010111?
-3223212
In base 2, what is -100 - 101000010110011100111111?
-101000010110011101000011
In base 9, what is -53 - 1257578?
-1257642
In base 16, what is -d - 1d8ccd?
-1d8cda
In base 13, what is -8666b2 - -1?
-8666b1
In base 2, what is 11010111110111111001010 + 100?
11010111110111111001110
In base 14, what is 1 - -80a278?
80a279
In base 2, what is -110010011001110010 - 1011111110?
-110010100101110000
In base 11, what is 0 - -2386592?
2386592
In base 14, what is -9 - -2491945?
249193a
In base 10, what is 33 - -1174964?
1174997
In base 4, what is 101 - -2012001322?
2012002023
In base 9, what is -1186214 + 271?
-1185833
In base 3, what is 211010100 - -11110012?
222120112
In base 3, what is 1 + 2200202020120121?
2200202020120122
In base 12, what is -4ba219 - b?
-4ba228
In base 14, what is -1093b20 + -12?
-1093b32
In base 5, what is -413131042303 - 4?
-413131042312
In base 9, what is -148 - -2724823?
2724664
In base 11, what is -5 + -6223313?
-6223318
In base 6, what is 3 + 20101252?
20101255
In base 3, what is 101200201102 - 1000?
101200200102
In base 2, what is -1000010111 - -100001000001011?
11111111110100
In base 15, what is -5 + 68a42dc?
68a42d7
In base 9, what is -2816 + 132027?
128111
In base 7, what is -15520 + -1165?
-20015
In base 5, what is -2041110300 + 0?
-2041110300
In base 7, what is -11225126 - 1440?
-11226566
In base 14, what is -38 - -11894cc?
1189494
In base 2, what is 0 - 111000011101100000011?
-111000011101100000011
In base 4, what is 10002131123122 - -2?
10002131123130
In base 5, what is -321124043 + 3?
-321124040
In base 8, what is 150431247 + -21?
150431226
In base 4, what is 10033103322212 - 20?
10033103322132
In base 8, what is 502272 - 2274?
477776
In base 9, what is -7 + 15780814?
15780806
In base 10, what is -553473 + -3?
-553476
In base 7, what is -3020441 + 11?
-3020430
In base 11, what is -1 - -45437a65?
45437a64
In base 6, what is 13515303 + -104?
13515155
In base 9, what is 21746384 + -25?
21746358
In base 5, what is -22442340 + 111?
-22442224
In base 9, what is 337368046 - 0?
337368046
In base 6, what is 2 + 20000335544?
20000335550
In base 3, what is -1020001 + -1211201201?
-1212221202
In base 7, what is -2 + -22455633?
-22455635
In base 4, what is -203220 + -20210?
-230030
In base 15, what is 1141 + eeaa?
110eb
In base 16, what is 66 + 2c838?
2c89e
In base 14, what is 9c26 - -cca?
ab12
In base 14, what is -15942 + 41?
-15901
In base 10, what is -6 + -1410518?
-1410524
In base 11, what is 3 - -8584349?
8584351
In base 14, what is 545 - -bd5?
133a
In base 13, what is -1 + -3432b429?
-3432b42a
In base 3, what is -100 - 101000112112221?
-101000112120021
In base 7, what is 66 + 10214436?
10214535
In base 7, what is 2 + 66320223?
66320225
In base 13, what is 67376 - -12c?
674a5
In base 14, what is 68d95c8 - 0?
68d95c8
In base 6, what is -14340200 + -1152?
-14341352
In base 5, what is 1444232 - -111301?
2111033
In base 9, what is 1076 - 1265243?
-1264156
In base 14, what is -2d1826b - 23?
-2d18290
In base 10, what is 37 + 1119240?
1119277
In base 9, what is 17 - -43340041?
43340058
In base 14, what is -227 - 18355c?
-183785
In base 5, what is 41240002 + 134?
41240141
In base 4, what is 112 + 22021222?
22022000
In base 10, what is 3413 - 631?
2782
In base 11, what is -3 - 46736a8?
-4673700
In base 12, what is -213 + -b06b?
-b282
In base 14, what is -13b597 - 304?
-13b89b
In base 9, what is 5412342 - 84?
5412247
In base 9, what is -5 + -101845684?
-101845700
In base 5, what is 14040421 - -42?
14041013
In base 3, what is -20121000000 + 100121220?
-20020101010
In base 5, what is -41030 - 123023320?
-123114400
In base 16, what is -259734c - 0?
-259734c
In base 3, what is 1111212 + 2012211222?
2021100211
In base 15, what is -53053e2 + 5?
-53053dc
In base 4, what is -23123321011 - -200?
-23123320211
In base 11, what is 4 + 1672833?
1672837
In base 2, what is -11101010010 + -1010110010001110?
-1011001111100000
In base 3, what is 122222 + -112122112001?
-112121212002
In base 5, what is 113234 - -1020132?
1133421
In base 6, what is 2035544 + 331?
2040315
In base 12, what is 22 + -1a8649?
-1a8627
In base 12, what is -17 + -2b90327?
-2b90342
In base 8, what is 157225 - 335?
156670
In base 8, what is 0 - 134734111?
-134734111
In base 9, what is 57888 + -1604?
56284
In base 2, what is -111100110 + 10011001101101?
10010010000111
In base 11, what is 26a49591 - -2?
26a49593
In base 15, what is -49c0a13 + a?
-49c0a08
In base 4, what is -13 - -1111321111?
1111321032
In base 16, what is -3 - -5a7c5d2?
5a7c5cf
In base 15, what is 5 + -702b40?
-702b3a
In base 3, what is -111000221002222 - -20?
-111000221002202
In base 5, what is 240014413414 - 1?
240014413413
In base 13, what is 31c + 1364b?
1396a
In base 7, what is 1601 + 655661?
660562
In base 16, what is -1242 + -3c?
-127e
In base 7, what is -2562 - -605220?
602325
In base 9, what is -53305 - 14365?
-67671
In base 12, what is -3251a763 - 3?
-3251a766
In base 15, what is 47b7d - -61?
47bde
In base 15, what is 1bb93 + -1?
1bb92
In base 4, what is 10123331